-1
Suppose -2*l - 323 = z, 6*z - z + 661 = -4*l. Let t = l - -107. Let o be t/44 + 4/22. Let g(a) = -a**2 - 1. What is g(o)?
-2
Suppose 4*i = -q + 8 + 5, 0 = q + i - 4. Let x(z) be the first derivative of 1/4*z**4 + q + 9*z + 1/2*z**2 + 1/3*z**3. What is x(0)?
9
Let f(x) = -2*x - 2. Let y(j) = -2. Let d(k) = f(k) - 4*y(k). What is d(-7)?
20
Let a(r) = -6*r**3 + 4 + 3*r**3 + 2*r**3 + r**2 - 8 - r. Let n(m) = -15*m + 60. Let j be n(4). What is a(j)?
-4
Let q(b) = 9*b**2 + 7*b + 5. Let h(f) = -5*f**2 - 3*f - 2. Suppose 0*w - 3*w = -33. Let c = w - 7. Let a(r) = c*q(r) + 7*h(r). Determine a(-5).
-4
Let i(l) = 15*l - 7. Let q(o) = -3*o - 4. Let p(n) = i(n) + 4*q(n). What is p(7)?
-2
Let h(w) be the second derivative of 1/6*w**3 - 9*w + 0 - 2*w**2 + 1/12*w**4. What is h(-4)?
8
Suppose 2*d - 21 = 3*d. Let b = 16 + d. Let h(r) be the second derivative of r**5/20 + 5*r**4/12 - 2*r**2 + r. Determine h(b).
-4
Let k = -2 + 3. Let a(z) = 30*z + 7. Let w(f) = -16*f - 4. Let c(y) = -3*a(y) - 5*w(y). Let j(d) = 18*d + 2. Let n(s) = 5*c(s) + 3*j(s). Calculate n(k).
5
Let x(t) = 0*t**2 - 4*t**2 + 1 + 3*t - 2*t**2 - 5*t**3 - 2*t**2 + 6*t**3. Determine x(7).
-27
Let d(w) = 9*w**3 - 2*w**2 + w. Suppose -2*u - 17 = -4*r - u, 2*r + 19 = -5*u. Suppose 0 = -r*n + 12. Let x be n*1/4*1. Give d(x).
8
Let h be (60/20)/((-1)/((-8)/6)). Let l(z) = -8*z - 4. Let j(n) = -n - 1. Let m(k) = 6*j(k) - l(k). What is m(h)?
6
Let c(l) be the third derivative of -5*l**4/12 - l**3/6 + 163*l**2. Determine c(1).
-11
Let w be -12*((-22)/(-6) + -4). Let r(g) = -g**3 + 5*g**2 - 2*g - 5. Calculate r(w).
3
Suppose 22 = v + 4*i, -3*i + 2 = 3*v - 7*i. Let o(x) = -v + 8 + 6*x - x**3 + x + 5*x**2 - 2*x. What is o(6)?
-4
Let f(v) = v**3 - 5*v**2 + 8*v - 3. Let y be f(3). Suppose -u = -5*k - 6, -y*u - 16 = 3*k - k. Let g(z) = -z + 1. Determine g(u).
5
Suppose 8*x + 32 = -0. Let u(i) = i**2 - i - 4. Calculate u(x).
16
Let t(g) = -g + 2*g - 15*g - 3*g**2 + 6*g + 6*g. Determine t(-2).
-8
Suppose 6*j - 54 = -3*j. Let o be 1 - (j/(-9)*-3)/1. Let x(z) = -8*z**3 + 2*z**2 - 1. Calculate x(o).
9
Let h(i) = i**2 - 428*i - i**3 + i**2 - 6*i**2 + 7 + 435*i. Let b = -1 - 4. Give h(b).
-3
Let a(w) be the third derivative of -w**5/60 - w**4/8 + w**3/6 + 173*w**2. Give a(-5).
-9
Let b(x) = -10*x + 3. Suppose -3*w = 5*t - 3, -4*w + 2 + 2 = 2*t. Determine b(w).
-7
Let m(s) = -s + 20. Suppose 21 = 3*u - 4*j, 67 = 3*u + 2*u + 4*j. Determine m(u).
9
Let m(y) be the third derivative of -y**4/8 + 2*y**3/3 + 105*y**2 + 3*y. Calculate m(10).
-26
Let f(y) = -2 - y - 11 + 0 + 1. Give f(-7).
-5
Let t(b) = -b**2 - 3*b. Suppose 0 = g + 3, -3*c - g - 9 = -2*g. What is t(c)?
-4
Let s(w) be the third derivative of 7*w**4/24 + 17*w**3/3 - 28*w**2. Determine s(-5).
-1
Let w(h) = h**2 - 2*h + 1. Let g be w(4). Let z(n) = -2*n - 11*n - g - 3*n. Let l(k) = -8*k - 4. Let b(d) = 7*l(d) - 3*z(d). Calculate b(-2).
15
Let v be (55/10 + -1)*2. Let m be (-6)/v + 4/(-3). Let u(d) = d**2 - 5*d**2 + 5*d**2. Calculate u(m).
4
Let d be (-1)/(69/18 + -4). Suppose -3*x + x = -d. Let m(y) be the first derivative of -y**3/3 + y**2 - 4*y + 2. Determine m(x).
-7
Let m(v) = -3 + 16*v - 3*v - 2*v - 10*v - v**3. Calculate m(0).
-3
Let k(t) be the second derivative of -7/60*t**5 + 1/3*t**3 + 0 + 6*t + 1/120*t**6 + 7/2*t**2 + 5/24*t**4. Let s(v) be the first derivative of k(v). Give s(6).
-4
Let j(y) = y**3 + 2*y**2. Let u = 202 - 204. What is j(u)?
0
Let l(z) = -z. Let b(y) = 6*y - 3. Let a be (4/(-6))/((-6)/45). Let g(c) = a*l(c) + b(c). What is g(3)?
0
Let u(h) be the third derivative of -h**4/24 - 5*h**3/6 + 3*h**2 - 21*h. Determine u(6).
-11
Let r(n) be the third derivative of 5/24*n**4 + n**2 - 1/120*n**6 - 2/3*n**3 + 0*n + 1/15*n**5 + 0. Suppose 15*y = 4*y + 55. Determine r(y).
-4
Let k = 67 + -69. Let m(x) be the third derivative of -x**4/24 + 2*x**3 - 2*x**2. Let w(a) = 2*a - 13. Let s(h) = k*w(h) - 3*m(h). What is s(-6)?
-4
Let s(b) be the second derivative of b**5/20 - b**4/2 + 2*b**2 + 49*b. Calculate s(4).
-28
Let w be (-32)/(-10) + 2/(-10). Suppose 0 = 4*n - z + 1 + 7, 0 = -3*n + w*z + 3. Let y(x) be the third derivative of -x**4/12 + x**3/3 - 132*x**2. Give y(n).
8
Suppose 0*f = -5*f + 100. Suppose 4*w - 4*u + 0*u = -f, 0 = -3*w + 5*u - 25. Let h(l) be the second derivative of l**3/6 + 623*l. Give h(w).
0
Let i(x) = x**2 - 3*x + 8. Let s be i(0). Let y(k) = -s*k + 14*k + 20*k**2 - 1 - 6*k. Give y(-1).
19
Let n = 890 + -883. Let j(i) = i**2 - 10*i + 11. Give j(n).
-10
Let h(y) = -y**2 + 9*y - 4. Let c(p) = 4*p**2 - 36*p + 15. Let t(s) = -2*c(s) - 9*h(s). Let v(r) = 3*r**2 + 12*r + 8. Let f be v(-4). Determine t(f).
-2
Let b(s) = -s**3 - 6*s**2 - 5*s + 4. Let w be b(-5). Let g(o) = 2*o - 3 - 8*o**3 + 6 - w + 9*o**3. Suppose 2 + 2 = 2*y. Determine g(y).
11
Let k(h) = h + 1. Let v(n) = -5*n + 188. Let z be v(37). Suppose -4*t = l + 11, 0 = -2*l - 3*l - 5*t - 10. Let g = z - l. Determine k(g).
3
Let v(r) be the second derivative of -r**4/12 - 7*r**3/6 + 299*r - 2. Let l = -15 - -9. Determine v(l).
6
Let u be (-90)/20*(-4)/3. Let s = u + -3. Let b(j) = 2 + 2*j - 6*j - s. Give b(2).
-9
Let g(k) = -k**3 - 8*k**2 + 11. Let m be ((3/(-2))/3)/(5/(-50)). Suppose 37 = -m*d + y, -40 = 5*d + 5*y + 15. Calculate g(d).
11
Let d(g) be the second derivative of g**3/6 + 5*g**2/2 + g. Suppose -35 = -5*i + 4*o + 14, 0 = 3*i + 5*o - 22. Let t(w) = 2*w - 24. Let l be t(i). What is d(l)?
-1
Suppose -5*k + 2*m - 8 = 0, -2*k + m = 7 - 4. Let o(h) be the first derivative of -h**3/3 + 3*h**2/2 + h - 1. Determine o(k).
-9
Let s(p) = -p**2 - 9*p - 13. Let u(n) = 13*n + 58. Let t be u(-5). Determine s(t).
1
Suppose -4*b + 4*p = -20, 3*b - b = 4*p + 16. Let y = 1 + b. Suppose -y*l + 6*l - 2*m = -8, 5 = -m. Let j(z) = z + 4. Give j(l).
-2
Let l(z) be the third derivative of 0 + 1/60*z**5 + 5/2*z**3 + 1/24*z**4 + 6*z**2 + 0*z. Let p be 6/2 - 3/1. Calculate l(p).
15
Let y(h) = -2*h**2 + 2. Let t = 45 - 41. Suppose t*g - g = -3*s + 6, -4*s - 1 = g. Determine y(g).
-16
Suppose y + 3*y = 3*p - 62, 3*y + 49 = p. Let s(b) = 23*b - 29. Let m(h) = -8*h + 10. Let v(g) = y*m(g) - 6*s(g). Give v(3).
-2
Let l(d) be the first derivative of d**4/2 + 2*d**3/3 - d**2/2 - 2*d + 157. What is l(-2)?
-8
Let z(g) = 10*g**3 + g - 3. Let p(u) = 9*u**3 + u - 2. Let t(h) = -3*p(h) + 2*z(h). Let c be (-3 + 2)/(11 + -10). Determine t(c).
8
Let o(f) = -2*f. Suppose -2*s - 23 = -0*r + 3*r, -5*s - 26 = 3*r. What is o(r)?
14
Let l(j) be the third derivative of 5/6*j**4 + 0*j - 24*j**2 + 1/6*j**3 + 0. Give l(1).
21
Let d(p) be the second derivative of p**3/2 - p**2 - 3*p. Let b be d(2). Suppose -2*i - 3 - 9 = b*x, 2*x + 4 = -2*i. Let a(k) = -k**3 - 6*k**2 - 6*k. Give a(x).
-8
Let s(n) = n**2 + 7*n + 1. Let o(b) = b**3 - 12*b**2 - 13*b - 7. Suppose -41 + 184 = 11*p. Let i be o(p). Determine s(i).
1
Let p(t) = 3*t - 11. Let f = 166 + -144. Suppose i = -3*v + 6 - 4, -4*i - 5*v + f = 0. Calculate p(i).
13
Let r(q) = q**2 - 7*q + 1. Let j be r(6). Let s be (-9)/(-36) - 7/(-4). Let l(i) = -5 + 3*i - 2*i**2 + 3*i**s + 3 + 4. What is l(j)?
12
Let i(v) = v**3 - 18*v**2 + v - 15. Let m be i(18). Let q(s) = -20*s**3 - 12*s**m + 6 + 2*s - 11*s**3 - 7*s**2 + 44*s**3. Calculate q(6).
-18
Let j be (-6)/(-2)*(28/3)/(-7). Let x(u) be the second derivative of 5*u**3/6 + 2*u**2 - u. Calculate x(j).
-16
Let u(z) = 3*z**2 + 20*z + 25. Let h(a) = a**2 + 7*a + 8. Let m(k) = 7*h(k) - 2*u(k). Determine m(-9).
6
Let g(b) = -1 + b**3 - 5 - 7*b + 6*b**2 + 3. Let t be g(-7). Let m(y) = 9*y - 17. Let x(w) = 12*w - 21. Let k(h) = 5*m(h) - 4*x(h). What is k(t)?
8
Let g be ((-12)/(-10))/((-24)/(-160)). Let d be (27/(-18))/((-3)/g). Let u(w) = -w**2 + 3*w. Calculate u(d).
-4
Let r(x) = 5*x + 8. Let h(s) = -2*s - 1. Let w(c) = 2*h(c) + r(c). Give w(-2).
4
Let f be (4/8 - 0)*0. Let v be -9*(0 + -1) - f. Let u be v + 0 + 0 + -4. Let y(p) = -p**3 + 4*p**2 + 5*p. Determine y(u).
0
Let o(u) = -2*u**2 + 3*u + 1. Let j(s) = s**2 - 3*s - 1. Let t(m) = 3*j(m) + 2*o(m). Suppose -49*n - 49 = 98. Calculate t(n).
-1
Let y(p) = -6*p - 22. Let u be y(-3). Let g(t) = t**3 - 4 + 5*t**2 + 3*t + 0 + 1. What is g(u)?
1
Let u(j) = -1 - 1 + 5 - j**3 - 5*j + 5*j**2. Let w be (2/5*-3)/(3/170). Let m = -65 - w. Give u(m).
6
Suppose -5*k - 16 = 14. Let t(c) be th